{"id":719,"date":"2025-04-27T09:52:19","date_gmt":"2025-04-27T07:52:19","guid":{"rendered":"https:\/\/fwstockheim.de\/?page_id=719"},"modified":"2025-04-30T22:32:31","modified_gmt":"2025-04-30T20:32:31","slug":"haeufige-fragen-faqs","status":"publish","type":"page","link":"https:\/\/fwstockheim.de\/?page_id=719","title":{"rendered":"H\u00e4ufige Fragen &#8211; FAQs"},"content":{"rendered":"\n<p><strong>Wo ist der Festplatz?<\/strong> <br>Direkt am Feuerwehrhaus (Rathausstr. 3, 96342 Stockheim)<\/p>\n\n\n\n<p><strong>Wo kann man Parken?<\/strong><br>Behindertenparkpl\u00e4tze hinter dem Rathaus.<br><em><strong>Bitte beachtet, dass wir JEDERZEIT mit unseren Einsatzfahrzeugen<br>ausr\u00fccken k\u00f6nnen m\u00fcssen und haltet die Zufahrtswege frei!<\/strong><\/em><br>In sehr begrenzter Zahl stehen Parkpl\u00e4tze am Seitenstreifen im<br>Wohngebiet \u201eAn der Hasslach\u201c zur Verf\u00fcgung.<br>Bitte nutzt daher vorrangig die ausgewiesenen Parkfl\u00e4chen:<\/p>\n\n\n\n<figure class=\"wp-block-image size-full\"><img loading=\"lazy\" decoding=\"async\" width=\"424\" height=\"505\" src=\"https:\/\/fwstockheim.de\/wp-content\/uploads\/2025\/04\/ParkplaetzeP1_3.jpg\" alt=\"\" class=\"wp-image-750\" srcset=\"https:\/\/fwstockheim.de\/wp-content\/uploads\/2025\/04\/ParkplaetzeP1_3.jpg 424w, https:\/\/fwstockheim.de\/wp-content\/uploads\/2025\/04\/ParkplaetzeP1_3-252x300.jpg 252w\" sizes=\"auto, (max-width: 424px) 100vw, 424px\" \/><\/figure>\n\n\n\n<p><strong>Welchen Weg nimmt der gro\u00dfe Festumzug am Sonntag?<\/strong><br>Der Festzug marschiert vom Dorfplatz \u00fcber die Bergwerksstra\u00dfe und die Eisenbahnbr\u00fccke auf die B85 bis zur Einm\u00fcndung Rathausstra\u00dfe und zum Festplatz am Feuerwehrhaus.<\/p>\n\n\n\n<p><strong>Wo gibt es Informationen f\u00fcr Teilnehmer des Festumzuges?<\/strong><br><a href=\"https:\/\/fwstockheim.de\/?page_id=713\" data-type=\"page\" data-id=\"713\">HIER DR\u00dcCKEN<\/a><\/p>\n\n\n\n<h5 class=\"wp-block-heading\" id=\"Speisen\"><strong>Welche Speisen werden angeboten?<\/strong><\/h5>\n\n\n\n<figure class=\"wp-block-table\"><table class=\"has-fixed-layout\"><tbody><tr><td class=\"has-text-align-center\" data-align=\"center\"><strong><em>Donnerstag 1. Mai <\/em><\/strong><br><strong><em>Familientag<\/em><\/strong><\/td><td class=\"has-text-align-center\" data-align=\"center\"><strong><em>Freitag 2. Mai<br>Festkommers<\/em><\/strong><\/td><\/tr><tr><td class=\"has-text-align-center\" data-align=\"center\">Sau am Spie\u00df<\/td><td class=\"has-text-align-center\" data-align=\"center\">Bratw\u00fcrste<\/td><\/tr><tr><td class=\"has-text-align-center\" data-align=\"center\">Bratw\u00fcrste<\/td><td class=\"has-text-align-center\" data-align=\"center\">Steak<\/td><\/tr><tr><td class=\"has-text-align-center\" data-align=\"center\">Pommes<\/td><td class=\"has-text-align-center\" data-align=\"center\">K\u00e4s mit frischem Brot<\/td><\/tr><tr><td class=\"has-text-align-center\" data-align=\"center\">K\u00e4s mit frischem Brot<\/td><td class=\"has-text-align-center\" data-align=\"center\">&nbsp;<\/td><\/tr><tr><td class=\"has-text-align-center\" data-align=\"center\">Kaffee und Kuchen<\/td><td class=\"has-text-align-center\" data-align=\"center\">&nbsp;<\/td><\/tr><\/tbody><\/table><\/figure>\n\n\n\n<figure class=\"wp-block-table\"><table class=\"has-fixed-layout\"><tbody><tr><td class=\"has-text-align-center\" data-align=\"center\"><strong><em>Samstag &#8211; Tauziehen und Stimmungsabend<\/em><\/strong><\/td><td class=\"has-text-align-center\" data-align=\"center\"><strong><em>Sonntagvormittag<\/em><\/strong> <br><strong><em>Fr\u00fchschoppen<\/em><\/strong><\/td><\/tr><tr><td class=\"has-text-align-center\" data-align=\"center\">Bratw\u00fcrste<\/td><td class=\"has-text-align-center\" data-align=\"center\">Wei\u00dfw\u00fcrste<\/td><\/tr><tr><td class=\"has-text-align-center\" data-align=\"center\">Steak<\/td><td class=\"has-text-align-center\" data-align=\"center\">Wiener<\/td><\/tr><tr><td class=\"has-text-align-center\" data-align=\"center\">Fisch- und Lachssemmeln<\/td><td class=\"has-text-align-center\" data-align=\"center\">Kaffee und Kuchen<\/td><\/tr><tr><td class=\"has-text-align-center\" data-align=\"center\">Schinken-\/K\u00e4sestangen<\/td><td class=\"has-text-align-center\" data-align=\"center\"><strong><em>Nachmittags &#8211; Festumzug<\/em><\/strong><\/td><\/tr><tr><td class=\"has-text-align-center\" data-align=\"center\">&nbsp;<\/td><td class=\"has-text-align-center\" data-align=\"center\">Bratw\u00fcrste \/ Steak <\/td><\/tr><tr><td class=\"has-text-align-center\" data-align=\"center\"><\/td><td class=\"has-text-align-center\" data-align=\"center\">Fisch- und Lachssemmeln<\/td><\/tr><tr><td class=\"has-text-align-center\" data-align=\"center\">&nbsp;<\/td><td class=\"has-text-align-center\" data-align=\"center\">Schinken-\/K\u00e4sestangen<\/td><\/tr><tr><td class=\"has-text-align-center\" data-align=\"center\">&nbsp;<\/td><td class=\"has-text-align-center\" data-align=\"center\">Pommes<\/td><\/tr><tr><td class=\"has-text-align-center\" data-align=\"center\">&nbsp;<\/td><td class=\"has-text-align-center\" data-align=\"center\">Kaffee und Kuchen<\/td><\/tr><\/tbody><\/table><\/figure>\n\n\n\n<p><strong><em>Alle Speisen auch zum Mitnehmen und solange der Vorrat reicht.<\/em><\/strong><\/p>\n","protected":false},"excerpt":{"rendered":"<p>Wo ist der Festplatz? Direkt am Feuerwehrhaus (Rathausstr. 3, 96342 Stockheim) Wo kann man Parken?Behindertenparkpl\u00e4tze hinter dem Rathaus.Bitte beachtet, dass wir JEDERZEIT mit unseren Einsatzfahrzeugenausr\u00fccken k\u00f6nnen m\u00fcssen und haltet die Zufahrtswege frei!In sehr begrenzter Zahl stehen Parkpl\u00e4tze am Seitenstreifen imWohngebiet \u201eAn der Hasslach\u201c zur Verf\u00fcgung.Bitte nutzt daher vorrangig die ausgewiesenen Parkfl\u00e4chen: Welchen Weg nimmt der [&hellip;]<\/p>\n","protected":false},"author":1,"featured_media":0,"parent":711,"menu_order":0,"comment_status":"closed","ping_status":"closed","template":"","meta":{"footnotes":""},"class_list":["post-719","page","type-page","status-publish","hentry"],"_links":{"self":[{"href":"https:\/\/fwstockheim.de\/index.php?rest_route=\/wp\/v2\/pages\/719","targetHints":{"allow":["GET"]}}],"collection":[{"href":"https:\/\/fwstockheim.de\/index.php?rest_route=\/wp\/v2\/pages"}],"about":[{"href":"https:\/\/fwstockheim.de\/index.php?rest_route=\/wp\/v2\/types\/page"}],"author":[{"embeddable":true,"href":"https:\/\/fwstockheim.de\/index.php?rest_route=\/wp\/v2\/users\/1"}],"replies":[{"embeddable":true,"href":"https:\/\/fwstockheim.de\/index.php?rest_route=%2Fwp%2Fv2%2Fcomments&post=719"}],"version-history":[{"count":12,"href":"https:\/\/fwstockheim.de\/index.php?rest_route=\/wp\/v2\/pages\/719\/revisions"}],"predecessor-version":[{"id":778,"href":"https:\/\/fwstockheim.de\/index.php?rest_route=\/wp\/v2\/pages\/719\/revisions\/778"}],"up":[{"embeddable":true,"href":"https:\/\/fwstockheim.de\/index.php?rest_route=\/wp\/v2\/pages\/711"}],"wp:attachment":[{"href":"https:\/\/fwstockheim.de\/index.php?rest_route=%2Fwp%2Fv2%2Fmedia&parent=719"}],"curies":[{"name":"wp","href":"https:\/\/api.w.org\/{rel}","templated":true}]}}

Häufige Fragen &#8211; FAQs

<p><strong>Wo ist der Festplatz?</strong> <br>Direkt am Feuerwehrhaus (Rathausstr. 3, 96342 Stockheim)</p>



<p><strong>Wo kann man Parken?</strong><br>Behindertenparkplätze hinter dem Rathaus.<br><em><strong>Bitte beachtet, dass wir JEDERZEIT mit unseren Einsatzfahrzeugen<br>ausrücken können müssen und haltet die Zufahrtswege frei!</strong></em><br>In sehr begrenzter Zahl stehen Parkplätze am Seitenstreifen im<br>Wohngebiet „An der Hasslach“ zur Verfügung.<br>Bitte nutzt daher vorrangig die ausgewiesenen Parkflächen:</p>



<figure class="wp-block-image size-full"><img loading="lazy" decoding="async" width="424" height="505" src="https://fwstockheim.de/wp-content/uploads/2025/04/ParkplaetzeP1_3.jpg" alt="" class="wp-image-750" srcset="https://fwstockheim.de/wp-content/uploads/2025/04/ParkplaetzeP1_3.jpg 424w, https://fwstockheim.de/wp-content/uploads/2025/04/ParkplaetzeP1_3-252x300.jpg 252w" sizes="auto, (max-width: 424px) 100vw, 424px" /></figure>



<p><strong>Welchen Weg nimmt der große Festumzug am Sonntag?</strong><br>Der Festzug marschiert vom Dorfplatz über die Bergwerksstraße und die Eisenbahnbrücke auf die B85 bis zur Einmündung Rathausstraße und zum Festplatz am Feuerwehrhaus.</p>



<p><strong>Wo gibt es Informationen für Teilnehmer des Festumzuges?</strong><br><a href="https://fwstockheim.de/?page_id=713" data-type="page" data-id="713">HIER DRÜCKEN</a></p>



<h5 class="wp-block-heading" id="Speisen"><strong>Welche Speisen werden angeboten?</strong></h5>



<figure class="wp-block-table"><table class="has-fixed-layout"><tbody><tr><td class="has-text-align-center" data-align="center"><strong><em>Donnerstag 1. Mai </em></strong><br><strong><em>Familientag</em></strong></td><td class="has-text-align-center" data-align="center"><strong><em>Freitag 2. Mai<br>Festkommers</em></strong></td></tr><tr><td class="has-text-align-center" data-align="center">Sau am Spieß</td><td class="has-text-align-center" data-align="center">Bratwürste</td></tr><tr><td class="has-text-align-center" data-align="center">Bratwürste</td><td class="has-text-align-center" data-align="center">Steak</td></tr><tr><td class="has-text-align-center" data-align="center">Pommes</td><td class="has-text-align-center" data-align="center">Käs mit frischem Brot</td></tr><tr><td class="has-text-align-center" data-align="center">Käs mit frischem Brot</td><td class="has-text-align-center" data-align="center">&nbsp;</td></tr><tr><td class="has-text-align-center" data-align="center">Kaffee und Kuchen</td><td class="has-text-align-center" data-align="center">&nbsp;</td></tr></tbody></table></figure>



<figure class="wp-block-table"><table class="has-fixed-layout"><tbody><tr><td class="has-text-align-center" data-align="center"><strong><em>Samstag &#8211; Tauziehen und Stimmungsabend</em></strong></td><td class="has-text-align-center" data-align="center"><strong><em>Sonntagvormittag</em></strong> <br><strong><em>Frühschoppen</em></strong></td></tr><tr><td class="has-text-align-center" data-align="center">Bratwürste</td><td class="has-text-align-center" data-align="center">Weißwürste</td></tr><tr><td class="has-text-align-center" data-align="center">Steak</td><td class="has-text-align-center" data-align="center">Wiener</td></tr><tr><td class="has-text-align-center" data-align="center">Fisch- und Lachssemmeln</td><td class="has-text-align-center" data-align="center">Kaffee und Kuchen</td></tr><tr><td class="has-text-align-center" data-align="center">Schinken-/Käsestangen</td><td class="has-text-align-center" data-align="center"><strong><em>Nachmittags &#8211; Festumzug</em></strong></td></tr><tr><td class="has-text-align-center" data-align="center">&nbsp;</td><td class="has-text-align-center" data-align="center">Bratwürste / Steak </td></tr><tr><td class="has-text-align-center" data-align="center"></td><td class="has-text-align-center" data-align="center">Fisch- und Lachssemmeln</td></tr><tr><td class="has-text-align-center" data-align="center">&nbsp;</td><td class="has-text-align-center" data-align="center">Schinken-/Käsestangen</td></tr><tr><td class="has-text-align-center" data-align="center">&nbsp;</td><td class="has-text-align-center" data-align="center">Pommes</td></tr><tr><td class="has-text-align-center" data-align="center">&nbsp;</td><td class="has-text-align-center" data-align="center">Kaffee und Kuchen</td></tr></tbody></table></figure>



<p><strong><em>Alle Speisen auch zum Mitnehmen und solange der Vorrat reicht.</em></strong></p>

<p>Wo ist der Festplatz? Direkt am Feuerwehrhaus (Rathausstr. 3, 96342 Stockheim) Wo kann man Parken?Behindertenparkplätze hinter dem Rathaus.Bitte beachtet, dass wir JEDERZEIT mit unseren Einsatzfahrzeugenausrücken können müssen und haltet die Zufahrtswege frei!In sehr begrenzter Zahl stehen Parkplätze am Seitenstreifen imWohngebiet „An der Hasslach“ zur Verfügung.Bitte nutzt daher vorrangig die ausgewiesenen Parkflächen: Welchen Weg nimmt der [&hellip;]</p>
