{"id":110,"date":"2019-07-24T19:54:19","date_gmt":"2019-07-24T17:54:19","guid":{"rendered":"http:\/\/fwstockheim.de\/?page_id=110"},"modified":"2024-12-17T14:49:00","modified_gmt":"2024-12-17T13:49:00","slug":"jugendfeuerwehr","status":"publish","type":"page","link":"https:\/\/fwstockheim.de\/?page_id=110","title":{"rendered":"Jugendfeuerwehr"},"content":{"rendered":"<div id=\"pl-gb110-69ee418f3dd52\"  class=\"panel-layout wp-block-siteorigin-panels-layout-block\" ><div id=\"pg-gb110-69ee418f3dd52-0\"  class=\"panel-grid panel-no-style\" ><div id=\"pgc-gb110-69ee418f3dd52-0-0\"  class=\"panel-grid-cell\" ><div id=\"panel-gb110-69ee418f3dd52-0-0-0\" class=\"so-panel widget widget_black-studio-tinymce widget_black_studio_tinymce panel-first-child\" data-index=\"0\" ><div class=\"textwidget\"><h2 style=\"text-align: center;\">Wir helfen anderen Menschen&#8230;<\/h2>\n<p style=\"text-align: center;\">In der Jugendfeuerwehr ist vieles schon so wie bei der \u201erichtigen\u201c Feuerwehr: Wir lernen die unterschiedlichen Fahrzeuge und Ger\u00e4te kennen und \u00fcben, wie man sie richtig bedient.<\/p>\n<p>&nbsp;<\/p>\n<h2 style=\"text-align: center;\">&#8230; und haben Spa\u00df dabei!<\/h2>\n<p style=\"text-align: center;\">Neben den \u00dcbungen treffen wir uns oft auch zu anderen Dingen, zum Beispiel Ausfl\u00fcgen, Sport, Zelt-Lager, Wettbewerbe und, und, und&#8230; Bei vielen Aktionen z\u00e4hlt echte Kameradschaft \u2013 denn gemeinsam k\u00f6nnen wir wirklich was bewegen!<\/p>\n<\/div><\/div><div id=\"panel-gb110-69ee418f3dd52-0-0-1\" class=\"so-panel widget widget_sow-slider\" data-index=\"1\" ><div\n\t\t\t\n\t\t\tclass=\"so-widget-sow-slider so-widget-sow-slider-default-6d39609536fd-110\"\n\t\t\t\n\t\t>\t\t\t\t<div class=\"sow-slider-base\" style=\"display: none\" tabindex=\"0\">\n\t\t\t\t\t<ul\n\t\t\t\t\tclass=\"sow-slider-images\"\n\t\t\t\t\tdata-settings=\"{&quot;pagination&quot;:true,&quot;speed&quot;:400,&quot;timeout&quot;:8000,&quot;paused&quot;:false,&quot;pause_on_hover&quot;:false,&quot;swipe&quot;:true,&quot;nav_always_show_desktop&quot;:&quot;&quot;,&quot;nav_always_show_mobile&quot;:&quot;&quot;,&quot;breakpoint&quot;:&quot;780px&quot;,&quot;unmute&quot;:false,&quot;anchor&quot;:null}\"\n\t\t\t\t\t\t\t\t\t\tdata-anchor-id=\"\"\n\t\t\t\t>\t\t<li class=\"sow-slider-image\" style=\"visibility: visible;\" >\n\t\t\t\t\t\t<div class=\"sow-slider-image-container\">\n\t\t\t\t<div class=\"sow-slider-image-wrapper\" style=\"max-width: 783px\">\n\t\t\t\t\t\t\t\t\t\t<div class=\"sow-slider-image-foreground-wrapper\">\n\t\t\t\t\t\t<img loading=\"lazy\" decoding=\"async\" width=\"783\" height=\"509\" src=\"https:\/\/fwstockheim.de\/wp-content\/uploads\/2019\/07\/jf1-e1563990240761.jpg\" class=\"sow-slider-foreground-image\" alt=\"\" style=\"\" srcset=\"https:\/\/fwstockheim.de\/wp-content\/uploads\/2019\/07\/jf1-e1563990240761.jpg 783w, https:\/\/fwstockheim.de\/wp-content\/uploads\/2019\/07\/jf1-e1563990240761-300x195.jpg 300w, https:\/\/fwstockheim.de\/wp-content\/uploads\/2019\/07\/jf1-e1563990240761-768x499.jpg 768w, https:\/\/fwstockheim.de\/wp-content\/uploads\/2019\/07\/jf1-e1563990240761-769x500.jpg 769w\" sizes=\"auto, (max-width: 783px) 100vw, 783px\" \/>\t\t\t\t\t<\/div>\n\t\t\t\t\t\t\t\t\t<\/div>\n\t\t\t<\/div>\n\t\t\t\t\t<\/li>\n\t\t\t\t<li class=\"sow-slider-image\" style=\"visibility: hidden;\" >\n\t\t\t\t\t\t<div class=\"sow-slider-image-container\">\n\t\t\t\t<div class=\"sow-slider-image-wrapper\" style=\"max-width: 1140px\">\n\t\t\t\t\t\t\t\t\t\t<div class=\"sow-slider-image-foreground-wrapper\">\n\t\t\t\t\t\t<img loading=\"lazy\" decoding=\"async\" width=\"1140\" height=\"744\" src=\"https:\/\/fwstockheim.de\/wp-content\/uploads\/2019\/07\/jf3-e1563990206137.jpg\" class=\"sow-slider-foreground-image\" alt=\"\" style=\"\" srcset=\"https:\/\/fwstockheim.de\/wp-content\/uploads\/2019\/07\/jf3-e1563990206137.jpg 1140w, https:\/\/fwstockheim.de\/wp-content\/uploads\/2019\/07\/jf3-e1563990206137-300x196.jpg 300w, https:\/\/fwstockheim.de\/wp-content\/uploads\/2019\/07\/jf3-e1563990206137-768x501.jpg 768w, https:\/\/fwstockheim.de\/wp-content\/uploads\/2019\/07\/jf3-e1563990206137-1024x668.jpg 1024w, https:\/\/fwstockheim.de\/wp-content\/uploads\/2019\/07\/jf3-e1563990206137-766x500.jpg 766w\" sizes=\"auto, (max-width: 1140px) 100vw, 1140px\" \/>\t\t\t\t\t<\/div>\n\t\t\t\t\t\t\t\t\t<\/div>\n\t\t\t<\/div>\n\t\t\t\t\t<\/li>\n\t\t\t\t<li class=\"sow-slider-image\" style=\"visibility: hidden;\" >\n\t\t\t\t\t\t<div class=\"sow-slider-image-container\">\n\t\t\t\t<div class=\"sow-slider-image-wrapper\" style=\"max-width: 2048px\">\n\t\t\t\t\t\t\t\t\t\t<div class=\"sow-slider-image-foreground-wrapper\">\n\t\t\t\t\t\t<img loading=\"lazy\" decoding=\"async\" width=\"2048\" height=\"1536\" src=\"https:\/\/fwstockheim.de\/wp-content\/uploads\/2019\/07\/jf2.jpg\" class=\"sow-slider-foreground-image\" alt=\"\" style=\"\" srcset=\"https:\/\/fwstockheim.de\/wp-content\/uploads\/2019\/07\/jf2.jpg 2048w, https:\/\/fwstockheim.de\/wp-content\/uploads\/2019\/07\/jf2-300x225.jpg 300w, https:\/\/fwstockheim.de\/wp-content\/uploads\/2019\/07\/jf2-768x576.jpg 768w, https:\/\/fwstockheim.de\/wp-content\/uploads\/2019\/07\/jf2-1024x768.jpg 1024w, https:\/\/fwstockheim.de\/wp-content\/uploads\/2019\/07\/jf2-175x131.jpg 175w, https:\/\/fwstockheim.de\/wp-content\/uploads\/2019\/07\/jf2-667x500.jpg 667w\" sizes=\"auto, (max-width: 2048px) 100vw, 2048px\" \/>\t\t\t\t\t<\/div>\n\t\t\t\t\t\t\t\t\t<\/div>\n\t\t\t<\/div>\n\t\t\t\t\t<\/li>\n\t\t\t\t<li class=\"sow-slider-image\" style=\"visibility: hidden;\" >\n\t\t\t\t\t\t<div class=\"sow-slider-image-container\">\n\t\t\t\t<div class=\"sow-slider-image-wrapper\" style=\"max-width: 880px\">\n\t\t\t\t\t\t\t\t\t\t<div class=\"sow-slider-image-foreground-wrapper\">\n\t\t\t\t\t\t<img loading=\"lazy\" decoding=\"async\" width=\"880\" height=\"696\" src=\"https:\/\/fwstockheim.de\/wp-content\/uploads\/2019\/07\/jf4-e1563990103272.jpg\" class=\"sow-slider-foreground-image\" alt=\"\" style=\"\" srcset=\"https:\/\/fwstockheim.de\/wp-content\/uploads\/2019\/07\/jf4-e1563990103272.jpg 880w, https:\/\/fwstockheim.de\/wp-content\/uploads\/2019\/07\/jf4-e1563990103272-300x237.jpg 300w, https:\/\/fwstockheim.de\/wp-content\/uploads\/2019\/07\/jf4-e1563990103272-768x607.jpg 768w, https:\/\/fwstockheim.de\/wp-content\/uploads\/2019\/07\/jf4-e1563990103272-632x500.jpg 632w\" sizes=\"auto, (max-width: 880px) 100vw, 880px\" \/>\t\t\t\t\t<\/div>\n\t\t\t\t\t\t\t\t\t<\/div>\n\t\t\t<\/div>\n\t\t\t\t\t<\/li>\n\t\t<\/ul>\t\t\t\t<ol class=\"sow-slider-pagination\">\n\t\t\t\t\t\t\t\t\t\t\t<li><a href=\"#\" data-goto=\"0\" aria-label=\"Display slide 1\"><\/a><\/li>\n\t\t\t\t\t\t\t\t\t\t\t<li><a href=\"#\" data-goto=\"1\" aria-label=\"Display slide 2\"><\/a><\/li>\n\t\t\t\t\t\t\t\t\t\t\t<li><a href=\"#\" data-goto=\"2\" aria-label=\"Display slide 3\"><\/a><\/li>\n\t\t\t\t\t\t\t\t\t\t\t<li><a href=\"#\" data-goto=\"3\" aria-label=\"Display slide 4\"><\/a><\/li>\n\t\t\t\t\t\t\t\t\t<\/ol>\n\n\t\t\t\t<div class=\"sow-slide-nav sow-slide-nav-next\">\n\t\t\t\t\t<a href=\"#\" data-goto=\"next\" aria-label=\"Next slide\" data-action=\"next\">\n\t\t\t\t\t\t<em class=\"sow-sld-icon-thin-right\"><\/em>\n\t\t\t\t\t<\/a>\n\t\t\t\t<\/div>\n\n\t\t\t\t<div class=\"sow-slide-nav sow-slide-nav-prev\">\n\t\t\t\t\t<a href=\"#\" data-goto=\"previous\" aria-label=\"Previous slide\" data-action=\"prev\">\n\t\t\t\t\t\t<em class=\"sow-sld-icon-thin-left\"><\/em>\n\t\t\t\t\t<\/a>\n\t\t\t\t<\/div>\n\t\t\t\t<\/div><\/div><\/div><div id=\"panel-gb110-69ee418f3dd52-0-0-2\" class=\"so-panel widget widget_black-studio-tinymce widget_black_studio_tinymce panel-last-child\" data-index=\"2\" ><div class=\"textwidget\"><h2 style=\"text-align: center;\"><em>Kann ich da auch mitmachen?<\/em><\/h2>\n<p style=\"text-align: center;\">Sobald Du 12 Jahre alt bist, kann es losgehen! Ob Du ein Junge oder ein M\u00e4dchen bist, gro\u00df oder klein, gut in der Schule oder eher nicht &#8211; das ist uns alles egal. F\u00fcr die Jugendfeuerwehr brauchst Du keine speziellen Voraussetzungen \u2013 nur ganz viel Lust auf Technik, Menschen, Sport und Spiele!<\/p>\n<p style=\"text-align: center;\">Dein Ansprechpartner:<\/p>\n<p style=\"text-align: center;\">David Kautsch, Sebastian L\u00f6ffler oder Sven Suffa<\/p>\n<p style=\"text-align: center;\">E-Mail: <a href=\"mailto:jugend@fwstockheim.de\">jugend@fwstockheim.de<\/a><\/p>\n<\/div><\/div><\/div><\/div><\/div>","protected":false},"excerpt":{"rendered":"<p>Wir helfen anderen Menschen&#8230; In der Jugendfeuerwehr ist vieles schon so wie bei der \u201erichtigen\u201c Feuerwehr: Wir lernen die unterschiedlichen Fahrzeuge und Ger\u00e4te kennen und \u00fcben, wie man sie richtig bedient. &nbsp; &#8230; und haben Spa\u00df dabei! Neben den \u00dcbungen treffen wir uns oft auch zu anderen Dingen, zum Beispiel Ausfl\u00fcgen, Sport, Zelt-Lager, Wettbewerbe und, [&hellip;]<\/p>\n","protected":false},"author":1,"featured_media":0,"parent":95,"menu_order":0,"comment_status":"closed","ping_status":"closed","template":"","meta":{"footnotes":""},"class_list":["post-110","page","type-page","status-publish","hentry"],"_links":{"self":[{"href":"https:\/\/fwstockheim.de\/index.php?rest_route=\/wp\/v2\/pages\/110","targetHints":{"allow":["GET"]}}],"collection":[{"href":"https:\/\/fwstockheim.de\/index.php?rest_route=\/wp\/v2\/pages"}],"about":[{"href":"https:\/\/fwstockheim.de\/index.php?rest_route=\/wp\/v2\/types\/page"}],"author":[{"embeddable":true,"href":"https:\/\/fwstockheim.de\/index.php?rest_route=\/wp\/v2\/users\/1"}],"replies":[{"embeddable":true,"href":"https:\/\/fwstockheim.de\/index.php?rest_route=%2Fwp%2Fv2%2Fcomments&post=110"}],"version-history":[{"count":9,"href":"https:\/\/fwstockheim.de\/index.php?rest_route=\/wp\/v2\/pages\/110\/revisions"}],"predecessor-version":[{"id":649,"href":"https:\/\/fwstockheim.de\/index.php?rest_route=\/wp\/v2\/pages\/110\/revisions\/649"}],"up":[{"embeddable":true,"href":"https:\/\/fwstockheim.de\/index.php?rest_route=\/wp\/v2\/pages\/95"}],"wp:attachment":[{"href":"https:\/\/fwstockheim.de\/index.php?rest_route=%2Fwp%2Fv2%2Fmedia&parent=110"}],"curies":[{"name":"wp","href":"https:\/\/api.w.org\/{rel}","templated":true}]}}